{"id":4827,"date":"2026-04-08T14:27:54","date_gmt":"2026-04-08T17:27:54","guid":{"rendered":"https:\/\/www.shoppingserratalhada.com.br\/?post_type=product&#038;p=4827"},"modified":"2026-04-08T14:27:54","modified_gmt":"2026-04-08T17:27:54","slug":"otica-arcoverde","status":"publish","type":"product","link":"https:\/\/www.shoppingserratalhada.com.br\/?product=otica-arcoverde","title":{"rendered":"\u00d3tica Arcoverde"},"content":{"rendered":"","protected":false},"excerpt":{"rendered":"<p>Loja N\u00ba: 018\/019<br \/>\nLocaliza\u00e7\u00e3o: Alameda de Servi\u00e7os<br \/>\nN\u00famero: (87) 99952-4442<br \/>\n<a href=\"https:\/\/www.instagram.com\/oticasarcoverde\/\">Visite o site<\/a><\/p>\n","protected":false},"featured_media":4829,"template":"","meta":[],"product_cat":[51],"product_tag":[],"class_list":{"0":"post-4827","1":"product","2":"type-product","3":"status-publish","4":"has-post-thumbnail","6":"product_cat-oculos","8":"first","9":"instock","10":"shipping-taxable","11":"product-type-simple"},"_links":{"self":[{"href":"https:\/\/www.shoppingserratalhada.com.br\/index.php?rest_route=\/wp\/v2\/product\/4827","targetHints":{"allow":["GET"]}}],"collection":[{"href":"https:\/\/www.shoppingserratalhada.com.br\/index.php?rest_route=\/wp\/v2\/product"}],"about":[{"href":"https:\/\/www.shoppingserratalhada.com.br\/index.php?rest_route=\/wp\/v2\/types\/product"}],"wp:featuredmedia":[{"embeddable":true,"href":"https:\/\/www.shoppingserratalhada.com.br\/index.php?rest_route=\/wp\/v2\/media\/4829"}],"wp:attachment":[{"href":"https:\/\/www.shoppingserratalhada.com.br\/index.php?rest_route=%2Fwp%2Fv2%2Fmedia&parent=4827"}],"wp:term":[{"taxonomy":"product_cat","embeddable":true,"href":"https:\/\/www.shoppingserratalhada.com.br\/index.php?rest_route=%2Fwp%2Fv2%2Fproduct_cat&post=4827"},{"taxonomy":"product_tag","embeddable":true,"href":"https:\/\/www.shoppingserratalhada.com.br\/index.php?rest_route=%2Fwp%2Fv2%2Fproduct_tag&post=4827"}],"curies":[{"name":"wp","href":"https:\/\/api.w.org\/{rel}","templated":true}]}}