{"id":4703,"date":"2025-10-08T14:23:25","date_gmt":"2025-10-08T17:23:25","guid":{"rendered":"https:\/\/www.shoppingserratalhada.com.br\/?post_type=product&#038;p=4703"},"modified":"2025-10-08T14:23:26","modified_gmt":"2025-10-08T17:23:26","slug":"up-da-beleza-salao-e-centro-de-estetica","status":"publish","type":"product","link":"https:\/\/www.shoppingserratalhada.com.br\/?product=up-da-beleza-salao-e-centro-de-estetica","title":{"rendered":"UP da Beleza Sal\u00e3o e Centro de Est\u00e9tica"},"content":{"rendered":"","protected":false},"excerpt":{"rendered":"<p>Loja N\u00ba: 0098<br \/>\nLocaliza\u00e7\u00e3o: Alameda de Servi\u00e7os<br \/>\n<a href=\"https:\/\/www.instagram.com\/up_da_beleza\/\">Visite o site<\/a><\/p>\n","protected":false},"featured_media":4704,"template":"","meta":[],"product_cat":[67,40],"product_tag":[],"class_list":{"0":"post-4703","1":"product","2":"type-product","3":"status-publish","4":"has-post-thumbnail","6":"product_cat-salao","7":"product_cat-servicos","9":"first","10":"instock","11":"shipping-taxable","12":"product-type-simple"},"_links":{"self":[{"href":"https:\/\/www.shoppingserratalhada.com.br\/index.php?rest_route=\/wp\/v2\/product\/4703","targetHints":{"allow":["GET"]}}],"collection":[{"href":"https:\/\/www.shoppingserratalhada.com.br\/index.php?rest_route=\/wp\/v2\/product"}],"about":[{"href":"https:\/\/www.shoppingserratalhada.com.br\/index.php?rest_route=\/wp\/v2\/types\/product"}],"wp:featuredmedia":[{"embeddable":true,"href":"https:\/\/www.shoppingserratalhada.com.br\/index.php?rest_route=\/wp\/v2\/media\/4704"}],"wp:attachment":[{"href":"https:\/\/www.shoppingserratalhada.com.br\/index.php?rest_route=%2Fwp%2Fv2%2Fmedia&parent=4703"}],"wp:term":[{"taxonomy":"product_cat","embeddable":true,"href":"https:\/\/www.shoppingserratalhada.com.br\/index.php?rest_route=%2Fwp%2Fv2%2Fproduct_cat&post=4703"},{"taxonomy":"product_tag","embeddable":true,"href":"https:\/\/www.shoppingserratalhada.com.br\/index.php?rest_route=%2Fwp%2Fv2%2Fproduct_tag&post=4703"}],"curies":[{"name":"wp","href":"https:\/\/api.w.org\/{rel}","templated":true}]}}